se 10, what is -6 + 54?
48
In base 16, what is -1 + 2f1?
2f0
In base 4, what is 3 + -30?
-21
In base 8, what is -34 - 3?
-37
In base 14, what is -75 - 3?
-78
In base 2, what is -101 - -1000110100?
1000101111
In base 3, what is 112111 - -2?
112120
In base 5, what is 31 + 10?
41
In base 9, what is 35 - 0?
35
In base 15, what is -1 + 45?
44
In base 9, what is 44 + -281?
-236
In base 9, what is -1 + 70?
68
In base 4, what is 12 - 11310?
-11232
In base 6, what is 1144 + -5?
1135
In base 15, what is 12 - 4?
d
In base 3, what is -11100 + 2?
-11021
In base 15, what is -4 + 5a?
56
In base 5, what is 2 - -44424?
44431
In base 4, what is 3 - -112110?
112113
In base 14, what is -2d + -6c?
-9b
In base 15, what is -a - -19?
e
In base 10, what is -5 - 39?
-44
In base 14, what is -3 + a2?
9d
In base 11, what is 40 + -16?
25
In base 13, what is 425 + -10?
415
In base 4, what is -132201 + 3?
-132132
In base 11, what is -8 - 12?
-1a
In base 11, what is 1 - 363?
-362
In base 7, what is -1 - 5600?
-5601
In base 6, what is -12 - -305?
253
In base 2, what is -11000 - -1100?
-1100
In base 4, what is -1 + -33020?
-33021
In base 5, what is 1124 + 111?
1240
In base 10, what is 62 - 4?
58
In base 4, what is -3131313 - -2?
-3131311
In base 7, what is -4 + -131?
-135
In base 2, what is -1000101 + -10011001?
-11011110
In base 8, what is -7 - -155?
146
In base 6, what is -2 - 13032?
-13034
In base 16, what is -5 + f?
a
In base 13, what is -174 - 4?
-178
In base 3, what is 1001 - 12?
212
In base 6, what is -1 - 40125?
-40130
In base 7, what is -4 + -1164?
-1201
In base 7, what is -12430 + -5?
-12435
In base 10, what is 70 + 43?
113
In base 12, what is -467 - 19?
-484
In base 9, what is -1424 - -4?
-1420
In base 12, what is 2 + 66?
68
In base 6, what is 0 - -1141?
1141
In base 6, what is 55 - -12?
111
In base 11, what is 8 - -519?
526
In base 6, what is -14 - -102?
44
In base 13, what is -145 - 4?
-149
In base 14, what is -3c - 2?
-40
In base 10, what is 55 + -19?
36
In base 12, what is 5 + -54?
-4b
In base 10, what is 2 - -52?
54
In base 9, what is -70 - 4?
-74
In base 15, what is -1 - -b4?
b3
In base 15, what is -6 + -256d?
-2574
In base 13, what is 6482 + 5?
6487
In base 13, what is -76 - 29?
-a2
In base 12, what is -16a + 3?
-167
In base 7, what is -2 - 55?
-60
In base 12, what is -4 - 31?
-35
In base 4, what is -3 + 12211?
12202
In base 16, what is -a3 - -10?
-93
In base 5, what is -244 - 111?
-410
In base 12, what is -129b - 3?
-12a2
In base 11, what is 2545 + 1?
2546
In base 2, what is 111 + -10010000111?
-10010000000
In base 7, what is -4 - -24?
20
In base 11, what is -4 + -89?
-92
In base 15, what is -2c + -1?
-2d
In base 7, what is 1232 - 46?
1153
In base 13, what is 24 - -346?
36a
In base 9, what is -5 + 32?
26
In base 7, what is 106 - 156?
-50
In base 8, what is -1 + -61?
-62
In base 6, what is -151221 + 3?
-151214
In base 6, what is -10 + 124?
114
In base 16, what is -97 + -7?
-9e
In base 8, what is 1123 - 47?
1054
In base 5, what is 24 - 12?
12
In base 11, what is -5 - -62?
58
In base 6, what is 4050 + 1?
4051
In base 11, what is -10 + -a5a?
-a6a
In base 2, what is -110111001 - 100?
-110111101
In base 11, what is 1 + -1?
0
In base 6, what is 4531 - 5?
4522
In base 4, what is -10 + -22032?
-22102
In base 11, what is -4 - -4a71?
4a68
In base 4, what is 1 - 23?
-22
In base 10, what is -10 - 22?
-32
In base 7, what is -316 - 0?
-316
In base 16, what is -85 - -1?
-84
In base 16, what is -21 - -d?
-14
In base 11, what is 7 - -261?
268
In base 4, what is 1 + -331?
-330
In base 15, what is -3c8 - -2?
-3c6
In base 6, what is 4 - 14?
-10
In base 4, what is -13232 - -32?
-13200
In base 14, what is cc + 28?
116
In base 15, what is 512 - -1?
513
In base 12, what is -97 - 6?
-a1
In base 10, what is 1 - -55?
56
In base 2, what is 10011101 + 100?
10100001
In base 13, what is -2 + 2594?
2592
In base 4, what is 10230 + -11?
10213
In base 15, what is -47a + 5?
-475
In base 15, what is 8a3 - 1?
8a2
In base 4, what is -2130 - 13?
-2203
In base 8, what is 14 - 1?
13
In base 10, what is 2774 + 2?
2776
In base 6, what is -141 + 2?
-135
In base 6, what is 4 + 103?
111
In base 14, what is c7 + 8?
d1
In base 2, what is 1001 - -101011010?
101100011
In base 14, what is 2 - c9?
-c7
In base 5, what is 1 + 2114?
2120
In base 6, what is 1110 + -1?
1105
In base 15, what is -18d4 - 5?
-18d9
In base 16, what is -24 + -37?
-5b
In base 14, what is cb - 3?
c8
In base 8, what is -5 + -5263?
-5270
In base 9, what is -1238 + -2?
-1241
In base 8, what is 22 + -1132?
-1110
In base 15, what is 14 - 7?
c
In base 6, what is 13 - 220?
-203
In base 5, what is -2 + -241?
-243
In base 5, what is -21 + -11121?
-11142
In base 5, what is 22 + -1102?
-1030
In base 4, what is -10122 - 23?
-10211
In base 4, what is 111 - 1101?
-330
In base 2, what is -1 + 10001000?
10000111
In base 13, what is -30 - a1?
-101
In base 14, what is 0 - 2?
-2
In base 13, what is 1 - -1513?
1514
In base 2, what is -11100101 + 11100?
-11001001
In base 11, what is -1 - -162?
161
In base 15, what is 134 + a?
13e
In base 6, what is -40122 - -3?
-40115
In base 10, what is 791 + -2?
789
In base 7, what is -6 - 2?
-11
In base 2, what is -1 - 1000000?
-1000001
In base 2, what is -1011100010000 - -10?
-1011100001110
In base 6, what is -5 - -21204?
21155
In base 3, what is 22 + -20?
2
In base 5, what is -2 - -30?
23
In base 11, what is 282 + 6?
288
In base 16, what is 4 + -47f?
-47b
In base 13, what is -29 - -16?
-13
In base 11, what is 104 - -125?
229
In base 11, what is 3 + -90?
-88
In base 4, what is -1222 - 1?
-1223
In base 2, what is -1101 - 10001?
-11110
In base 3, what is 11 + 212110?
212121
In base 3, what is 2012 + 102202?
111221
In base 15, what is 1 + -c?
-b
In base 9, what is -1 - 1428?
-1430
In base 15, what is 97d8 + 1?
97d9
In base 4, what is -10 + -131100?
-131110
In base 16, what is 739 - -4?
73d
In base 14, what is -7 - 21?
-28
In base 14, what is 0 + 85?
85
In base 9, what is -806 - 4?
-811
In base 3, what is 2 + -102102?
-102100
In base 12, what is -6 - 1a3?
-1a9
In base 7, what is 0 + -51?
-51
In base 11, what is 4 + 22?
26
In base 15, what is -1 + 14e?
14d
In base 6, what is -1 - 103?
-104
In base 12, what is 4 + b91?
b95
In base 2, what is -1011 + -1000101?
-1010000
In base 11, what is -105 + -1?
-106
In base 15, what is 6 + -e?
-8
In base 2, what is 101 - -11101?
100010
In base 7, what is -3650 + -3?
-3653
In base 5, what is -3304 + 102?
-3202
In base 8, what is 5 + 105?
112
In base 15, what is -87 - -3?
-84
In base 10, what is -259 - 8?
-267
In base 5, what is -23 - -1?
-22
In base 12, what is 389 - -1?
38a
In base 10, what is 87 - -23?
110
In base 9, what is 4 - -100?
104
In base 2, what is -100100011 - 0?
-100100011
In base 11, what is 4 + 572?
576
In base 5, what is -4144 - 1?
-4200
In base 9, what is 6 + -13?
-6
In base 11, what is -8 - 402?
-40a
In base 7, what is -1 + -3042?
-3043
In base 4, what is -2202 - 1?
-2203
In base 2, what is 1000000 - 0?
1000000
In base 11, what is 77 - 9?
69
In base 3, what is -112020 - 201?
-112221
In base 11, what is 5 + -57?
-52
In base 8, what is 2 + -666?
-664
In base 4, what is -3 + 1101103?
1101100
In base 12, what is 0 - 32?
-32
In base 9, what is -1757 + -2?
-1760
In base 3, what is 20 - 100?
-10
In base 11, what is -4 - -56?
52
In base 16, what is 8 + e?
16
In base 4, what is 3133 - 13?
3120
In base 11, what is -6 - 1072?
-1078
In base 8, what is -1 + -17?
-20
In base 14, what is 3 + a?
d
In base 16, what is 4 + -154?
-150
In base 9, what is 87 + 1?
88
In base 10, what is -917 - 0?
-917
In base 14, what is -7 - 175?
-17c
In base 12, what is 0 + -91?
-91
In base 9, what is 165 - 52?
113
In base 7, what is -264 + 5?
-256
In base 8, what is 4 - -3?
7
In base 10, what is -1 + 88?
87
In base 12, what is -b + -8b4?
-903
In base 7, what is -143 + 3?
-140
In base 6, what is -4 - 14?
-22
In base 4, what is 101 + 1223?
1330
In base 8, what is -5 + 1552?
1545
In base 13, what is 9 + 8b?
97
In base 6, what is 50 + 2435?
2525
In base 15, what is -4c5 - 1?
-4c6
In base 9, what is -350 - 32?
-382
In base 15, what is 1a + eb?
116
In base 7, what is -40141 - -3?
-40135
In base 7, what is -150 + 14?
-133
In base 10, what is 3 + -961?
-958
In base 14, what is 175 + 1?
176
In base 4, what is -10 - 